{"id":31,"date":"2023-02-23T13:22:52","date_gmt":"2023-02-23T13:22:52","guid":{"rendered":"https:\/\/tarkvara.thkit.ee\/veeb\/?page_id=31"},"modified":"2025-12-12T09:53:07","modified_gmt":"2025-12-12T09:53:07","slug":"ostusumma-arvutamine","status":"publish","type":"page","link":"https:\/\/tarkvara.thkit.ee\/veeb\/ostusumma-arvutamine\/","title":{"rendered":"Ostusumma arvutamine"},"content":{"rendered":"\n<p>Sisestatavaid v\u00e4\u00e4rtusi v\u00f5ib olla mitu. Nende k\u00e4ttesaamiseks tuleb nad panna eri nimedega tekstiv\u00e4ljadesse. J\u00e4rgnevas n\u00e4ites on \u00fche v\u00e4lja nimeks hind ja teise nimeks kogus. Neid kahte korrutades saadakse kokku ostusumma.<\/p>\n\n\n\n<div class=\"wp-block-urvanov-syntax-highlighter-code-block\"><pre class=\"lang:default decode:true \" >&lt;!doctype html&gt; \n&lt;html&gt; \n &lt;head&gt; \n &lt;title&gt;Arvutamine&lt;\/title&gt; \n &lt;\/head&gt; \n &lt;body&gt; \n &lt;h1&gt;Summa kalkulaator&lt;\/h1&gt; \n &lt;form action=\"?\"&gt; \nKauba t\u00fckihind: \n &lt;input type=\"text\" name=\"hind\" \/&gt; \nOstetav kogus: \n &lt;input type=\"text\" name=\"kogus\" \/&gt; \n &lt;input type=\"submit\" value=\"OK\" \/&gt; \n &lt;\/form&gt; \n &lt;?php \n if(empty($_REQUEST[\"hind\"]) or empty($_REQUEST[\"kogus\"])){  echo \"Ootan sisestust.\"; \n } else { \n echo $_REQUEST[\"hind\"]*$_REQUEST[\"kogus\"]; \n } \n ?&gt; \n &lt;\/body&gt; \n&lt;\/html&gt; \n<\/pre><\/div>\n\n\n<p><!doctype html><br \/>\n<html><br \/>\n <head><br \/>\n <title>Arvutamine<\/title><br \/>\n <\/head><br \/>\n <body> <\/p>\n<h1>Summa kalkulaator<\/h1>\n<form action=\"?\">\nKauba t\u00fckihind:<br \/>\n <input type=\"text\" name=\"hind\" \/><br \/>\nOstetav kogus:<br \/>\n <input type=\"text\" name=\"kogus\" \/><br \/>\n <input type=\"submit\" value=\"OK\" \/><br \/>\n <\/form>\n<p> Ootan sisestust.<br \/>\n <\/body><br \/>\n<\/html> <\/p>\n\n\n\n\n<p>Tulemus piltidel:<\/p>\n\n\n\n<figure class=\"wp-block-image size-full\"><img loading=\"lazy\" decoding=\"async\" width=\"633\" height=\"227\" src=\"https:\/\/tarkvara.thkit.ee\/veeb\/wp-content\/uploads\/2023\/03\/3.png\" alt=\"\" class=\"wp-image-110\" srcset=\"https:\/\/tarkvara.thkit.ee\/veeb\/wp-content\/uploads\/2023\/03\/3.png 633w, https:\/\/tarkvara.thkit.ee\/veeb\/wp-content\/uploads\/2023\/03\/3-300x108.png 300w\" sizes=\"auto, (max-width: 633px) 100vw, 633px\" \/><\/figure>\n\n\n\n<figure class=\"wp-block-image size-full\"><img loading=\"lazy\" decoding=\"async\" width=\"900\" height=\"396\" src=\"https:\/\/tarkvara.thkit.ee\/veeb\/wp-content\/uploads\/2023\/02\/ostusumma.php_.png\" alt=\"\" class=\"wp-image-59\" srcset=\"https:\/\/tarkvara.thkit.ee\/veeb\/wp-content\/uploads\/2023\/02\/ostusumma.php_.png 900w, https:\/\/tarkvara.thkit.ee\/veeb\/wp-content\/uploads\/2023\/02\/ostusumma.php_-300x132.png 300w, https:\/\/tarkvara.thkit.ee\/veeb\/wp-content\/uploads\/2023\/02\/ostusumma.php_-768x338.png 768w\" sizes=\"auto, (max-width: 900px) 100vw, 900px\" \/><\/figure>\n","protected":false},"excerpt":{"rendered":"<p>Sisestatavaid v\u00e4\u00e4rtusi v\u00f5ib olla mitu. Nende k\u00e4ttesaamiseks tuleb nad panna eri nimedega tekstiv\u00e4ljadesse. J\u00e4rgnevas n\u00e4ites on \u00fche v\u00e4lja nimeks hind ja teise nimeks kogus. Neid kahte korrutades saadakse kokku ostusumma. Tulemus piltidel:<\/p>\n","protected":false},"author":1,"featured_media":0,"parent":0,"menu_order":0,"comment_status":"closed","ping_status":"closed","template":"","meta":{"footnotes":""},"class_list":["post-31","page","type-page","status-publish","hentry"],"_links":{"self":[{"href":"https:\/\/tarkvara.thkit.ee\/veeb\/wp-json\/wp\/v2\/pages\/31","targetHints":{"allow":["GET"]}}],"collection":[{"href":"https:\/\/tarkvara.thkit.ee\/veeb\/wp-json\/wp\/v2\/pages"}],"about":[{"href":"https:\/\/tarkvara.thkit.ee\/veeb\/wp-json\/wp\/v2\/types\/page"}],"author":[{"embeddable":true,"href":"https:\/\/tarkvara.thkit.ee\/veeb\/wp-json\/wp\/v2\/users\/1"}],"replies":[{"embeddable":true,"href":"https:\/\/tarkvara.thkit.ee\/veeb\/wp-json\/wp\/v2\/comments?post=31"}],"version-history":[{"count":6,"href":"https:\/\/tarkvara.thkit.ee\/veeb\/wp-json\/wp\/v2\/pages\/31\/revisions"}],"predecessor-version":[{"id":1217,"href":"https:\/\/tarkvara.thkit.ee\/veeb\/wp-json\/wp\/v2\/pages\/31\/revisions\/1217"}],"wp:attachment":[{"href":"https:\/\/tarkvara.thkit.ee\/veeb\/wp-json\/wp\/v2\/media?parent=31"}],"curies":[{"name":"wp","href":"https:\/\/api.w.org\/{rel}","templated":true}]}}